{"id":152,"date":"2026-02-26T14:18:58","date_gmt":"2026-02-26T17:18:58","guid":{"rendered":"https:\/\/dominiumstock.com.br\/?page_id=152"},"modified":"2026-02-26T14:19:01","modified_gmt":"2026-02-26T17:19:01","slug":"sobre-nos","status":"publish","type":"page","link":"https:\/\/dominiumstock.com.br\/?page_id=152","title":{"rendered":"Sobre N\u00f3s"},"content":{"rendered":"\n<div class=\"wp-block-group is-content-justification-center is-layout-constrained wp-block-group-is-layout-constrained\">\n<p>A <strong>Dominium Stock<\/strong> \u00e9 uma ag\u00eancia especializada em gest\u00e3o operacional e execu\u00e7\u00e3o estrat\u00e9gica no ponto de venda, com origem na cidade de <strong>S\u00e3o Paulo \u2013 Barra Funda<\/strong>, um dos principais polos comerciais e log\u00edsticos do pa\u00eds.<\/p>\n\n\n\n<p>A empresa nasceu com o prop\u00f3sito de estruturar opera\u00e7\u00f5es de Trade Marketing com organiza\u00e7\u00e3o, controle e responsabilidade administrativa, oferecendo \u00e0s ind\u00fastrias um modelo de gest\u00e3o mais eficiente, transparente e orientado a resultados.<\/p>\n\n\n\n<p>Desde o in\u00edcio, a Dominium Stock foi constru\u00edda com foco em processos bem definidos, acompanhamento constante das equipes de campo e padroniza\u00e7\u00e3o operacional. Acreditamos que a execu\u00e7\u00e3o no ponto de venda exige mais do que presen\u00e7a \u2014 exige m\u00e9todo, monitoramento e vis\u00e3o estrat\u00e9gica.<\/p>\n\n\n\n<p>Nossa atua\u00e7\u00e3o \u00e9 baseada em tr\u00eas pilares fundamentais:<\/p>\n\n\n\n<ul class=\"wp-block-list\">\n<li><strong>Gest\u00e3o estruturada de equipes<\/strong><\/li>\n\n\n\n<li><strong>Controle e acompanhamento de performance<\/strong><\/li>\n\n\n\n<li><strong>Compromisso com conformidade e responsabilidade corporativa<\/strong><\/li>\n<\/ul>\n\n\n\n<p>Ao longo de sua trajet\u00f3ria, a empresa consolidou sua atua\u00e7\u00e3o por meio da organiza\u00e7\u00e3o interna, comunica\u00e7\u00e3o ativa com clientes e utiliza\u00e7\u00e3o de ferramentas de monitoramento que garantem visibilidade e seguran\u00e7a em cada opera\u00e7\u00e3o.<\/p>\n\n\n\n<p>A Dominium Stock segue em processo cont\u00ednuo de crescimento, com o objetivo de expandir sua base de clientes e ampliar sua presen\u00e7a no mercado, mantendo o mesmo padr\u00e3o de excel\u00eancia, confiabilidade e compromisso que orienta cada projeto.<\/p>\n\n\n\n<p>Mais do que administrar equipes, entregamos gest\u00e3o operacional com vis\u00e3o estrat\u00e9gica, fortalecendo a presen\u00e7a das marcas no varejo e contribuindo para resultados sustent\u00e1veis no ponto de venda.<\/p>\n<\/div>\n","protected":false},"excerpt":{"rendered":"<p>A Dominium Stock \u00e9 uma ag\u00eancia especializada em gest\u00e3o operacional e execu\u00e7\u00e3o estrat\u00e9gica no ponto de venda, com origem na [&hellip;]<\/p>\n","protected":false},"author":1,"featured_media":0,"parent":0,"menu_order":0,"comment_status":"closed","ping_status":"closed","template":"","meta":{"site-sidebar-layout":"default","site-content-layout":"","ast-site-content-layout":"default","site-content-style":"default","site-sidebar-style":"default","ast-global-header-display":"","ast-banner-title-visibility":"","ast-main-header-display":"","ast-hfb-above-header-display":"","ast-hfb-below-header-display":"","ast-hfb-mobile-header-display":"","site-post-title":"","ast-breadcrumbs-content":"","ast-featured-img":"","footer-sml-layout":"","ast-disable-related-posts":"","theme-transparent-header-meta":"","adv-header-id-meta":"","stick-header-meta":"","header-above-stick-meta":"","header-main-stick-meta":"","header-below-stick-meta":"","astra-migrate-meta-layouts":"default","ast-page-background-enabled":"default","ast-page-background-meta":{"desktop":{"background-color":"var(--ast-global-color-5)","background-image":"","background-repeat":"repeat","background-position":"center center","background-size":"auto","background-attachment":"scroll","background-type":"","background-media":"","overlay-type":"","overlay-color":"","overlay-opacity":"","overlay-gradient":""},"tablet":{"background-color":"","background-image":"","background-repeat":"repeat","background-position":"center center","background-size":"auto","background-attachment":"scroll","background-type":"","background-media":"","overlay-type":"","overlay-color":"","overlay-opacity":"","overlay-gradient":""},"mobile":{"background-color":"","background-image":"","background-repeat":"repeat","background-position":"center center","background-size":"auto","background-attachment":"scroll","background-type":"","background-media":"","overlay-type":"","overlay-color":"","overlay-opacity":"","overlay-gradient":""}},"ast-content-background-meta":{"desktop":{"background-color":"var(--ast-global-color-4)","background-image":"","background-repeat":"repeat","background-position":"center center","background-size":"auto","background-attachment":"scroll","background-type":"","background-media":"","overlay-type":"","overlay-color":"","overlay-opacity":"","overlay-gradient":""},"tablet":{"background-color":"var(--ast-global-color-4)","background-image":"","background-repeat":"repeat","background-position":"center center","background-size":"auto","background-attachment":"scroll","background-type":"","background-media":"","overlay-type":"","overlay-color":"","overlay-opacity":"","overlay-gradient":""},"mobile":{"background-color":"var(--ast-global-color-4)","background-image":"","background-repeat":"repeat","background-position":"center center","background-size":"auto","background-attachment":"scroll","background-type":"","background-media":"","overlay-type":"","overlay-color":"","overlay-opacity":"","overlay-gradient":""}},"footnotes":""},"class_list":["post-152","page","type-page","status-publish","hentry"],"_links":{"self":[{"href":"https:\/\/dominiumstock.com.br\/index.php?rest_route=\/wp\/v2\/pages\/152","targetHints":{"allow":["GET"]}}],"collection":[{"href":"https:\/\/dominiumstock.com.br\/index.php?rest_route=\/wp\/v2\/pages"}],"about":[{"href":"https:\/\/dominiumstock.com.br\/index.php?rest_route=\/wp\/v2\/types\/page"}],"author":[{"embeddable":true,"href":"https:\/\/dominiumstock.com.br\/index.php?rest_route=\/wp\/v2\/users\/1"}],"replies":[{"embeddable":true,"href":"https:\/\/dominiumstock.com.br\/index.php?rest_route=%2Fwp%2Fv2%2Fcomments&post=152"}],"version-history":[{"count":1,"href":"https:\/\/dominiumstock.com.br\/index.php?rest_route=\/wp\/v2\/pages\/152\/revisions"}],"predecessor-version":[{"id":153,"href":"https:\/\/dominiumstock.com.br\/index.php?rest_route=\/wp\/v2\/pages\/152\/revisions\/153"}],"wp:attachment":[{"href":"https:\/\/dominiumstock.com.br\/index.php?rest_route=%2Fwp%2Fv2%2Fmedia&parent=152"}],"curies":[{"name":"wp","href":"https:\/\/api.w.org\/{rel}","templated":true}]}}